 Let w = 16 - h. Calculate the greatest common factor of w and 6.
6
Let c be (-8)/1 - (-671 + -9)/4. Calculate the highest common divisor of 27 and c.
27
Let o be (800/30)/((-2)/(-6)). Suppose 5*r - 19 = 141. Calculate the greatest common factor of r and o.
16
Let r = -189 + 205. What is the greatest common divisor of r and 56?
8
Let r be (-1)/2 + (-7)/(-2). Let i = 1 + r. Suppose -10 = -2*l - i*p + 34, 5*p = -l + 13. What is the greatest common divisor of 14 and l?
14
Let k be (74/(-4))/(((-44)/40)/(-11)). Let v = k - -377. What is the highest common divisor of v and 24?
24
Let p be (40/6)/(((-22)/(-495))/2). What is the highest common divisor of 12 and p?
12
Let h(o) = 11*o**3 + 3*o**2 - 3*o + 1. Let l be h(1). What is the highest common factor of 42 and l?
6
Let r = -8 - -11. Let y(g) = 2*g**2 - 4*g + 1. Let u be y(r). Suppose 3*q + p = 235, -2*p = 19*q - 17*q - 162. What is the greatest common divisor of q and u?
7
Let c(n) = n**3 - 11*n**2 + 17*n + 21. Let z be c(9). What is the greatest common factor of z and 54?
6
Let y = -360 + 717. What is the greatest common divisor of y and 34?
17
Suppose -95*a + 1326 = -1239. Calculate the greatest common factor of 99 and a.
9
Let c(j) = -j + 20. Let u be c(11). What is the greatest common divisor of u and 36?
9
Let t = 157 + -136. What is the greatest common divisor of t and 189?
21
Let k(d) = -2*d - 10. Let q be k(-6). Suppose 0 = 2*l - 10 + q. Suppose -3*r - l*t + 76 = r, 4*r + t - 91 = 0. Calculate the highest common divisor of r and 6.
6
Suppose -3*i + 139 = -14. Calculate the greatest common divisor of 272 and i.
17
Suppose -5*n + 11 = 41. Let m(s) = -s + 11. Let j be m(0). Let z = j + n. Calculate the greatest common factor of 1 and z.
1
Let q = 1143 + 1449. What is the greatest common divisor of 144 and q?
144
Suppose 217 - 2015 = -3*q - 4*x, -2*q - 2*x + 1196 = 0. Suppose 0 = -5*f - 34 + q. Let w be ((-6)/(-9))/(4/84). What is the highest common factor of w and f?
14
Suppose 2*k = 6 + 36. Let t be -6*2/2 + 2. Let v be (-126)/27*6/t. Calculate the greatest common divisor of k and v.
7
Let i be 4/(6 - 8)*(-5)/2. Suppose i*z = 15, 4*z - 56 = -3*f - 11. What is the greatest common divisor of f and 22?
11
Let z = -276 - -746. What is the greatest common factor of 30 and z?
10
Suppose -4*d = d. Suppose d = o - 93 - 35. What is the greatest common factor of o and 16?
16
Let p(t) = -3*t**2 - 2*t**3 - 2 + 12*t - 14*t + 6*t**3. Let g be p(4). Calculate the greatest common factor of g and 22.
22
Let x = 102 + -90. Let v be 3/(x/439) + (-1)/(-4). Suppose -5*t - 25 = -2*m - m, -13 = -m - 3*t. What is the greatest common factor of m and v?
10
Suppose 4*m - 31 = 9. Suppose -m*o + 36 = 2*o. Suppose 2 = -n - n + 4*y, 5*n - 8 = -3*y. Calculate the greatest common factor of o and n.
1
Let h be (-503)/(-2) - (-3)/6. Let d = 1745 - 1709. Calculate the greatest common divisor of d and h.
36
Let n(j) = -j**3 + 9*j**2 - 14*j - 1. Let i be n(8). Let c = 119 - i. What is the highest common factor of 24 and c?
24
Let m = -158 + 160. Calculate the greatest common factor of m and 5.
1
Suppose -4*a = -20, v - 65 = -a + 116. What is the greatest common factor of v and 16?
16
Suppose 15 + 21 = 3*s. Let o be (2 - (-19)/3)/(4/s). Calculate the highest common factor of o and 25.
25
Let h(t) = 5*t - 20. Let o be h(12). What is the highest common factor of 5 and o?
5
Suppose -n = 3*a - 362, -46*n + 2*a + 1476 = -42*n. What is the highest common divisor of 16 and n?
16
Let c be (2 - -1) + (0 - 1). Suppose -3*k + 2*b - 27 = 0, -3*k = -k - c*b + 16. Let p be 5/10 - k/2. What is the greatest common factor of 6 and p?
6
Let b = 95 - 61. What is the greatest common divisor of b and 119?
17
Let a(j) = j**3 + 20*j**2 + 40*j + 135. Let q be a(-18). Let f(z) = 2*z**2 - z. Let d be f(-3). Calculate the greatest common divisor of q and d.
21
Let s = 862 + -140. What is the greatest common factor of 38 and s?
38
Suppose -2*v + 7*j + 14 = 3*j, 0 = -4*v + 2*j + 52. What is the greatest common factor of 195 and v?
15
Suppose -14*z = 98 - 854. What is the highest common factor of 18 and z?
18
Let t be 5*(1 - 2 - (-14860)/100). What is the highest common divisor of t and 18?
18
Suppose x - 2*x = -49. Let f(y) = -5*y**2 - 373*y - 929. Let j be f(-72). What is the highest common divisor of j and x?
7
Let i(n) be the second derivative of n**4/12 - 5*n**3/2 + 15*n**2 - 16*n. Let a be i(14). Calculate the greatest common factor of 64 and a.
16
Let p be 4/(-30) - (-1589)/105. Let x = 28 - -92. What is the greatest common divisor of p and x?
15
Let h be ((-10)/20)/((-3)/12). Calculate the highest common divisor of h and 58.
2
Let z(u) = -14*u - 6. Let s be z(-5). Suppose -5*j + j + 80 = 0. Suppose -3*b + 2*x = -j, 0*x - x + 42 = 5*b. What is the greatest common divisor of b and s?
8
Suppose 5*o - 2532 = -2*j, o = 7*j - 2*j + 501. Calculate the greatest common divisor of o and 414.
46
Suppose 3*y = -b + 297, -2*y + 291 = y + 3*b. What is the greatest common divisor of 700 and y?
100
Suppose 168*t - 172*t + 52 = 4*z, 51 = 2*z - 3*t. Suppose -504 = -3*j - j. Calculate the highest common factor of z and j.
18
Suppose 1 + 4 = l. Let o be (-225)/30*(-14)/l. What is the highest common divisor of 3 and o?
3
Let x(s) = 2*s**3 - 6*s**2 - 2*s + 10. Let v be x(4). Suppose -2 = 2*w - v. What is the greatest common divisor of 64 and w?
16
Let y be ((-6)/4)/(1/(-26)). Suppose 0 = 5*f - 5*x - 95, 4*f + 2*x - y = 19. Suppose 0 = f*k - 12*k - 40. What is the greatest common divisor of k and 10?
10
Suppose 46 = -3*r + 133. Let m(i) = -i**3 - 3*i**2 + 4*i - 1. Let f be m(-5). What is the greatest common divisor of r and f?
29
Suppose 46 = 2*t + 258. Let v = t + 170. Calculate the highest common divisor of 8 and v.
8
Suppose 23 = 4*k - 5. Let w(l) be the third derivative of -7*l**4/8 - 7*l**3/6 + 2*l**2. Let c be w(-4). What is the greatest common divisor of k and c?
7
Suppose -3*o + 16 - 1 = 0. Suppose o*l - 10*l + 5 = 0. Suppose -p = 3*g + 11, 2*p = -2*g - 7 + l. What is the greatest common factor of p and 9?
1
Let a(w) be the second derivative of 0 + 3/2*w**2 + 3*w - 1/12*w**4 + 1/2*w**3. Let p be a(3). Calculate the greatest common divisor of p and 3.
3
Let o = -355 + 361. Calculate the highest common divisor of 48 and o.
6
Let w = -665 - -667. Calculate the highest common divisor of w and 4.
2
Let l(h) = 5*h + 1. Let y be l(-1). Let v be (-70)/y + (-1)/(-2). Suppose f = -p + 10, 17*f = 4*p + 12*f - 31. What is the greatest common divisor of p and v?
9
Let r(c) = 105*c**3 - c**2 - 8*c + 17. Let j be r(2). What is the highest common factor of 27 and j?
27
Suppose 26*m = 5*j + 29*m - 335, 2*j - 5*m = 165. What is the highest common factor of 28 and j?
14
Suppose 18 = 3*t - 6. Suppose 0 = 141*r - 134*r - 616. What is the greatest common divisor of t and r?
8
Let k = -20 - -22. Let c be (160/6)/(k/9). Suppose 5*j = c + 80. What is the highest common factor of 10 and j?
10
Let s = 331 - 213. What is the highest common divisor of s and 2?
2
Let g = -51 - -66. Let n = g + 63. What is the highest common divisor of n and 52?
26
Let x be ((-1)/2)/((-883)/(-442) - 2). Calculate the greatest common divisor of x and 13.
13
Let p = -316 + 378. What is the highest common divisor of p and 1984?
62
Let f = -5339 + 5370. Let y = -45 - -68. Let c = 8 + y. What is the greatest common divisor of f and c?
31
Let s(x) = -2*x**3 - 4*x**3 + 8 - 8*x**2 + 5*x**3 - 3*x. Let b be s(-8). Let i = -20 + b. What is the greatest common divisor of i and 108?
12
Let r be 4/(-14) - 198/(-7). Let w(u) = u**3 + 20*u**2 - 21*u + 14. Let o = 9 - 30. Let q be w(o). What is the greatest common factor of r and q?
14
Let y(z) = 9*z**3 + z**2 + z - 2. Let v be y(1). Suppose 0 = -2*o + 91 + v. Let m be 2/10 - (-98)/10. What is the highest common factor of m and o?
10
Let f = 147 - 70. What is the greatest common divisor of 539 and f?
77
Suppose -3*q = -4*o - 44, 166*o = q + 169*o - 32. What is the highest common divisor of 1420 and q?
20
Let s = -262 - -278. What is the greatest common divisor of 320 and s?
16
Let o(q) = -q + 1. Let j be o(-8). Suppose 285 = 3*h + 4*n, 38*h + 3*n + 306 = 41*h. Calculate the greatest common divisor of h and j.
9
Let g = 1039 - 614. Calculate the highest common divisor of 25 a